factors of g.
13, 19
Suppose 298*b + 139422 = 301*b. What are the prime factors of b?
2, 19, 1223
Let k = 5037 - 4465. List the prime factors of k.
2, 11, 13
Let h(g) = 42*g**2 + 1. Let w be 7/(-5) + 3/(-5). Let t be h(w). Let k = -93 + t. List the prime factors of k.
2, 19
Let u be 390 - (2/1 + -3). Suppose 4*m = -5*j - 386, -5*j + 2*m = m + u. List the prime factors of (j/24)/(3/(-12)).
13
Let w be 9 + 8 + (-6)/3. Suppose -2*c - 887 = -w*n + 14*n, 2661 = 3*n - 3*c. What are the prime factors of n?
887
Let d(h) = 87*h**2 - 30*h + 78. Let z(m) = 86*m**2 - 30*m + 78. Let x(g) = 5*d(g) - 4*z(g). List the prime factors of x(3).
3, 269
Suppose -956*p + 389198 = -939*p. What are the prime factors of p?
2, 11447
Let i = -40 - -45. Suppose -821 - 2334 = -i*z. List the prime factors of z.
631
Let f = 51422 + -35603. List the prime factors of f.
3, 5273
Let a(y) = 176*y**2 + 13*y + 35. Let t be a(-5). Suppose 2*m = -5*b + t, -3*b - 2*m = 1158 - 3784. What are the prime factors of b?
2, 109
Let z(s) be the first derivative of s**2/2 + 170*s + 16. Let x be z(0). Suppose 0 = 3*v - v - x. List the prime factors of v.
5, 17
Let j(v) = 5*v - 24. Let n = 110 + 21. Let s = n + -106. What are the prime factors of j(s)?
101
Let h(c) = -c**2 - 2*c + 67. Let a be (-3*1)/((-15)/20). Suppose -o - 2*u = 3 + 7, 0 = -a*o + u + 5. List the prime factors of h(o).
67
Let t(n) = -4 + 0 - 38 + 31*n. Let w = -407 + 413. What are the prime factors of t(w)?
2, 3
Let b(z) = -98*z - 14. Suppose q = -1 - 2. Let v be b(q). Suppose -64 - v = -4*k. What are the prime factors of k?
2, 43
Let r(c) = -72*c - 88. Let p be r(-16). Let v = p - 13. List the prime factors of v.
1051
Let m(j) = -6*j - 61. Let y be m(-25). Let a be 4/2 + -1 - 2. Let z = y + a. What are the prime factors of z?
2, 11
Let r = 17 + -27. Let p be -3*(r/(-6) - 1)*-13. Let d = 34 + p. List the prime factors of d.
2, 3, 5
Let b(r) = -r**3 + 125*r**2 + 280*r - 439. What are the prime factors of b(126)?
5, 3793
Let d(s) = -14*s - 4. Let i(y) = -y**3 - y**2 - y + 2. Let v = -2 - -4. Let k be i(v). What are the prime factors of d(k)?
2, 41
Let o(c) = -49*c + 58. Let d be o(-7). Let q = 1484 - d. What are the prime factors of q?
3, 19
Let m = -28 + 30. Suppose m*l + 25 = -3*l, -5*l - 101 = -v. List the prime factors of v.
2, 19
Let z be 2 + (-6)/3 + 3*33. Suppose 0 = 3*j - 159 + z. List the prime factors of j.
2, 5
Let p = 767 - 339. Let d(r) = r**3 + 8*r**2 + 10. Let u be d(-8). Suppose 0 = -u*f + 6*f + p. What are the prime factors of f?
107
Let h(z) = -z - 2. Let p be h(-4). Suppose -p*q - 2*t = -6*q + 28, 3*t = -12. Suppose -w - 16 = -q*w, -u - 5*w = -299. List the prime factors of u.
3, 31
Suppose -33 = 8*f - 33. Suppose -4*q - 134 + 574 = f. What are the prime factors of q?
2, 5, 11
Suppose -4*j - q = -44983, -58*q = -4*j - 63*q + 44979. What are the prime factors of j?
2, 5623
Suppose -20*p + 17*p = 240. Let h = 431 + p. List the prime factors of h.
3, 13
Let h(l) = l**3 + 12*l**2 - 15*l - 22. Let t be (0 + 9/(-6))*(-286)/(-33). Let z be h(t). Suppose -2*q = -3*q - z, j = 4*q + 115. List the prime factors of j.
3, 11
Let h = 5436 - -2227. List the prime factors of h.
79, 97
Let q be -3 + (-385)/5*-1. Let i(z) = z**2 + 63*z + 3 + 3*z**3 + 8*z**2 - 2*z**3 - q*z. List the prime factors of i(5).
2, 149
Suppose 192*v - 194*v + 2*n = -114312, 5*v = -4*n + 285735. List the prime factors of v.
67, 853
Suppose 4*y - 111762 = 12*r - 5*r, -83829 = -3*y + 4*r. What are the prime factors of y?
3, 7, 11
Let b = -1694 - -2513. Suppose 821*v = b*v + 1248. List the prime factors of v.
2, 3, 13
Let b = 11534 - 5839. What are the prime factors of b?
5, 17, 67
Suppose 26*i - 2604 = -16*i. Suppose -d - 5*j + i = 0, 0 = 4*d + 2*j - 0*j - 338. List the prime factors of d.
3, 29
Let d(o) = o - 1. Let u(h) = -4*h**2 + 11*h - 14. Let w(l) = -6*d(l) - u(l). List the prime factors of w(15).
5, 7, 19
Suppose 2*f - 5*d - 1 = 0, 2*f - 3*d = 6 + 1. Let x(r) = -2*r - 15 - 7*r + f - 18. What are the prime factors of x(-16)?
7, 17
Let x(l) be the third derivative of 20/3*l**3 + 0 - 12*l**2 + 23/24*l**4 + 0*l. What are the prime factors of x(5)?
5, 31
Let a = 29 + -11. Let w(b) = b**3 - 17*b**2 - 19*b + 18. Let u be w(a). Suppose u = -t - 16 + 44. List the prime factors of t.
2, 7
Let r = 212 - 216. Let p be 10/55 + (-57)/11. List the prime factors of (p + 2 + -1)/(r/102).
2, 3, 17
Let j(a) = 3*a**2 - 47*a - 35. Suppose h + d = 8 + 11, -5*d = 3*h - 53. What are the prime factors of j(h)?
7, 43
Let n = 790 - 1409. Let x = 899 + n. List the prime factors of x.
2, 5, 7
Suppose 26 = -17*s + 16*s. Let u = 69 - 9. Let t = s + u. List the prime factors of t.
2, 17
Let f(q) = 48*q**2 + 496*q + 19. List the prime factors of f(-25).
3, 7, 839
List the prime factors of (-23 - (-2897180)/40)*6/9.
48271
Suppose 14160 = -6173*z + 6183*z. List the prime factors of z.
2, 3, 59
Let l(b) = 13*b + 46. Let c be 42/20 - 24/240. Suppose -c*i = 5*p - 83 + 24, p - 3*i = 22. List the prime factors of l(p).
5, 43
Suppose 3*m + 16*s - 51861 = 19*s, 34570 = 2*m - 3*s. What are the prime factors of m?
17291
Suppose -q = c - 0*c, -4*q = 3*c + 1. Let n be 5/(1/(q + 1 + 1)). What are the prime factors of 1*843/n - 2/(-5)?
13
Let z(n) = -8*n - 8. Let f be z(0). Let t(d) = 5*d**2 + 9*d - 6. List the prime factors of t(f).
2, 11
Suppose 205*j - 43*j = 3007206. What are the prime factors of j?
19, 977
Suppose 4*h + j - 1566 = 3054, 2*h + 2*j = 2310. Let o = h - 683. What are the prime factors of o?
2, 59
Let y(l) = -21*l**3 - 3*l**2 - 2*l - 8. Let c(k) = -k**3 - k - 2. Let o(u) = 4*c(u) - y(u). List the prime factors of o(3).
2, 3, 5
Let i = 72 - -778. What are the prime factors of i?
2, 5, 17
Let z(j) = 6*j**3 + 302*j**2 - 20*j + 91. List the prime factors of z(-50).
6091
Let p be ((-32)/(-6))/(4/(-6288)*-8). Suppose 3*b + p = 4*b - 2*x, -x - 1 = 0. List the prime factors of b.
2, 523
Let a be (180/(-27))/(2/9). List the prime factors of 22950/(-36)*4/a*6.
2, 3, 5, 17
Suppose 4*l + 629 = -3*n, l = 4*n - 85 - 77. Let d = l - -181. List the prime factors of d.
23
Let q = -11277 + 18860. List the prime factors of q.
7583
Let q be 30/(-42)*7/(-1). Suppose q + 33 = -2*j. Let o = j + 22. What are the prime factors of o?
3
Suppose 244*m - 245*m = 0. Suppose m = -15*c + 10*c + 265. What are the prime factors of c?
53
Let h be (60/(-18))/(1/3). Let c(y) = -y**2 - 18*y + 54. List the prime factors of c(h).
2, 67
Let f(b) = -5*b + 213. Let w be f(0). Suppose 3*c = 6*c - w. List the prime factors of 56/14*c/2.
2, 71
Let m(p) = p**3 + 0*p**2 - p + 11 - 6*p**2 + 10*p + 0*p**2. What are the prime factors of m(5)?
31
Let o(v) = 32*v**3 - v**2. Let i be (18 - 0)*(6/(-1))/(-6). Let f be 12/i + (-2)/(-6). What are the prime factors of o(f)?
31
Suppose -3*v = -3*x + 1403 + 325, 585 = x + 2*v. Let l = -308 + x. Suppose -5*a - 424 + 1129 = -3*q, 2*a - l = -q. List the prime factors of a.
2, 3, 23
List the prime factors of 2149225/221 + ((-2)/13 - 123/(-39)).
2, 19
Suppose 0 = -4*m - 2*a + 25844, -3*a = -3*m + 5167 + 14207. List the prime factors of m.
2, 5, 17, 19
Suppose -1028125 = -68*m - 279377. List the prime factors of m.
7, 11, 13
Let w(c) = 3*c**2 + 3*c - 5. Let r = 31 + -29. Let d be w(r). Let t = 7 + d. List the prime factors of t.
2, 5
Suppose 3*t = -4*d + 2*t + 795, -5*t = -2*d + 381. Suppose -42 = -f + d. What are the prime factors of f?
2, 3, 5
Suppose 5*n - 3*m = 3736, -7*n + 4*n + m = -2244. Let g = n - 260. List the prime factors of g.
3, 163
Let k = 5034 + -4870. What are the prime factors of k?
2, 41
Suppose -1175 = 8*q - 13*q. Let w = 7 + q. What are the prime factors of w?
2, 11
What are the prime factors of (120/(-45) + 7/(420/12184))*330?
2, 3, 11, 167
Suppose 5*w - 5*o - 167970 = 0, -740*w + 741*w = -3*o + 33598. List the prime factors of w.
5, 6719
Let s = 28 - -4. Let i be (-37)/(-2) + 17/(-34). Let r = s - i. What are the prime factors of r?
2, 7
Suppose 5*b = 8936 + 11809. Let q = 6055 - b. What are the prime factors of q?
2, 953
Let y(d) = 11*d**3 + d**2 - 4*d - 7. Let n(o) = 21*o**3 + 3*o**2 - 7*o - 15. Let g(w) = 2*n(w) - 5*y(w). Let k = 8 + -10. What are the prime factors of g(k)?
101
Let s(r) = r**2 + 7*r - 15. Let w = 65 - 74. Let b be s(w). List the prime factors of (